is -14041241020 + 0?
-14041241020
In base 15, what is -1898 - -ab0?
-cd8
In base 7, what is -13554 - -46115?
32231
In base 11, what is -196629 + -1a20?
-198549
In base 15, what is -1 + -1c62?
-1c63
In base 15, what is -45ae - 1aa?
-4769
In base 15, what is -12e0 + 5ed?
-be2
In base 5, what is -1121 - 2244302?
-2300423
In base 9, what is 687210 + 171?
687381
In base 15, what is -5 - 5448bb?
-5448c1
In base 3, what is 1110200011 - -10022200?
1120222211
In base 10, what is -5 - 6558210?
-6558215
In base 14, what is 6 + 2aa207?
2aa20d
In base 9, what is -7867785 - 1?
-7867786
In base 10, what is -23373 + 355?
-23018
In base 13, what is -29a06c47 - -2?
-29a06c45
In base 4, what is -30301230000 - -30?
-30301223310
In base 10, what is -671 + -11005?
-11676
In base 2, what is 111 + 101100110011100101101100?
101100110011100101110011
In base 12, what is -930 - 5415?
-6145
In base 8, what is 4014613 - -115?
4014730
In base 2, what is 110110011010110 - 1011?
110110011001011
In base 13, what is 852b5348 + 4?
852b534c
In base 12, what is -2507 - -126690?
124185
In base 14, what is -162cba4d + -4?
-162cba53
In base 9, what is 5230040 - -11?
5230051
In base 15, what is -36 - a95?
-acb
In base 3, what is -111110100 + 112202?
-110220121
In base 7, what is -66461450 + 153?
-66461264
In base 3, what is -21210122121 - 2102020?
-21220001211
In base 13, what is -3b + -48273b?
-482779
In base 9, what is 1 + -8410822?
-8410821
In base 15, what is 7 - 4970a4?
-49709c
In base 13, what is -8 + -cbc29c?
-cbc2a7
In base 4, what is -3312220320332 - 2?
-3312220321000
In base 16, what is -91 - -6545?
64b4
In base 8, what is -204466 + 11?
-204455
In base 14, what is -5 + -48bd306?
-48bd30b
In base 12, what is -b084477 - b?
-b084486
In base 11, what is -45272a + 340?
-45239a
In base 16, what is -4 - 162d42b?
-162d42f
In base 14, what is -1117836 + -d?
-1117845
In base 9, what is -4 + 232582567?
232582563
In base 9, what is 0 + -8707768?
-8707768
In base 3, what is 1022210 + 1011102?
2111012
In base 5, what is -20201103222 + 1?
-20201103221
In base 6, what is 4352 + 52434?
101230
In base 12, what is 1b - -8421612?
8421631
In base 3, what is -2221221 + -10121102?
-20120100
In base 15, what is 1b63be - 2?
1b63bc
In base 13, what is 5216 - 370?
4b76
In base 5, what is 44214412231 - -10?
44214412241
In base 8, what is 1037426 - -1275?
1040723
In base 4, what is 101 - -1022110133?
1022110300
In base 8, what is -1072114 + -6367?
-1100503
In base 4, what is -202 - 1203303212?
-1203310020
In base 4, what is -123303133010 - -11?
-123303132333
In base 7, what is 5 - -33541024?
33541032
In base 9, what is -30663647 + -2?
-30663650
In base 16, what is 4 - -9353a3?
9353a7
In base 4, what is -3 + 11130122020?
11130122011
In base 3, what is -1121100212211001000 - 2?
-1121100212211001002
In base 10, what is -6 + -12509659?
-12509665
In base 5, what is -4040 - -32414100?
32410010
In base 8, what is -541 - -300202?
277441
In base 5, what is -30403011441 - -3?
-30403011433
In base 2, what is -11101110000101100000110010 - -101?
-11101110000101100000101101
In base 8, what is 34 - 1330502?
-1330446
In base 16, what is fa + d197?
d291
In base 6, what is 1455004534 - 3?
1455004531
In base 7, what is 100 - -15064304?
15064404
In base 7, what is 3 + -201442043?
-201442040
In base 10, what is -7657673 - 12?
-7657685
In base 9, what is 7543 - -7868?
16522
In base 12, what is b93 + 3105?
4098
In base 13, what is 865 + -99c4?
-915c
In base 6, what is -321555250455 + 3?
-321555250452
In base 4, what is 1123 + -1031303?
-1030120
In base 12, what is -229113a - -7a?
-2291080
In base 12, what is bb57 - 336?
b821
In base 16, what is cc - b1b3?
-b0e7
In base 15, what is -4997c - -a?
-49972
In base 12, what is 48 - -102126?
102172
In base 7, what is 66 - 3234400?
-3234301
In base 14, what is 163c60 + -ab3?
16318b
In base 15, what is -2798c + 2d?
-2795e
In base 13, what is 16092 + -1a?
16075
In base 5, what is -214342333 - 132?
-214343020
In base 5, what is -21 + -11341303002?
-11341303023
In base 6, what is -14134 + -5512030?
-5530204
In base 5, what is -2113222 - -234043?
-1324124
In base 12, what is -7b6b46 - -3b?
-7b6b07
In base 8, what is -7135512 - 157?
-7135671
In base 10, what is 78784216 + -3?
78784213
In base 15, what is d8b2 + -25d?
d654
In base 16, what is 1bbe7 + -22?
1bbc5
In base 14, what is 1 + -183d205c?
-183d205b
In base 6, what is -30302 + 30350?
44
In base 6, what is 13 - 10411041232?
-10411041215
In base 16, what is 1 - 206ade5?
-206ade4
In base 6, what is -341145054 + 5?
-341145045
In base 3, what is 12 - -20121202211000?
20121202211012
In base 11, what is -a18 + -a0593?
-a1500
In base 15, what is 1 + 19de6a9?
19de6aa
In base 13, what is -5 - 536cb5?
-536cba
In base 15, what is 3 + -7a769b?
-7a7698
In base 15, what is -4d68 - 434b?
-91b4
In base 16, what is -200 + -590?
-790
In base 12, what is -44a8 - -4449?
-5b
In base 8, what is 3040604 - 3?
3040601
In base 5, what is -312303212 + -1032?
-312304244
In base 10, what is 0 + 2640803?
2640803
In base 5, what is -3314310022 - -12?
-3314310010
In base 2, what is 1110001001 - -1010011110010110?
1010101100011111
In base 16, what is -97 + 25b7fa?
25b763
In base 9, what is 2518 - 41140?
-37521
In base 6, what is -35014 + 131303?
52245
In base 11, what is 2 - -297014?
297016
In base 14, what is 109d0168 - 4?
109d0164
In base 13, what is -29 + cb1278?
cb124c
In base 4, what is 1333220230 + 112?
1333221002
In base 9, what is 2307 + 520231?
522538
In base 16, what is -ad12 - -1c8?
-ab4a
In base 8, what is -57404402 - 12?
-57404414
In base 12, what is 1 + -2020829?
-2020828
In base 16, what is -240 + -d24?
-f64
In base 13, what is 2459 - 17cc3?
-15867
In base 5, what is 4324440 + -4122?
4320313
In base 8, what is -1773 - 663602?
-665575
In base 15, what is -77dd1 - -39?
-77d97
In base 12, what is -2666 + -6184?
-882a
In base 5, what is -324 + -22343320?
-22344144
In base 4, what is -2312 + -30032301?
-30101213
In base 12, what is 10797 + 347?
10b22
In base 4, what is 3 - -12220200213330?
12220200213333
In base 8, what is 1 - 10015645?
-10015644
In base 10, what is 56643 - -24?
56667
In base 8, what is -5353 + -263?
-5636
In base 5, what is -34200024023 + -10?
-34200024033
In base 2, what is 10 - -1000011111011101011110010001?
1000011111011101011110010011
In base 5, what is -230 - 3140000?
-3140230
In base 12, what is b10a8 + -544?
b0764
In base 7, what is -4 - 11256642?
-11256646
In base 3, what is 1000222012 - 210211122?
20010120
In base 9, what is 136 + 1000184?
1000331
In base 7, what is 10344502 + 115?
10344620
In base 3, what is -110120 - 102200220122?
-102201101012
In base 11, what is -2a9 + 12a663?
12a365
In base 8, what is -2 + -451417272?
-451417274
In base 14, what is -1b - -1b91b95?
1b91b78
In base 7, what is -452 - -250042?
246260
In base 8, what is -2472 + 2450?
-22
In base 2, what is -11001111101111001000 + -1001000?
-11001111110000010000
In base 6, what is -1045 + 225300?
224211
In base 11, what is 159142679 - -2?
159142680
In base 3, what is 22101011202021 - -2012?
22101011211110
In base 8, what is -7730617 + 21?
-7730576
In base 11, what is 7906a9 - 51?
790658
In base 16, what is -19f + -91aa?
-9349
In base 5, what is -124034321 - 44?
-124034420
In base 15, what is 349 + 2d9e55?
2da29e
In base 15, what is da2 - -1a10?
28b2
In base 10, what is 14 - -7094385?
7094399
In base 12, what is 2a36529 - -b?
2a36538
In base 6, what is -45 + -33541104?
-33541153
In base 5, what is -1 + -234104110?
-234104111
In base 16, what is -b8d + -4b?
-bd8
In base 9, what is -8623012 - 5?
-8623017
In base 3, what is 120202021 - 11102122100?
-10211220002
In base 7, what is 431064 - 56?
431005
In base 6, what is -12451 - 2350010?
-2402501
In base 15, what is -87d - -3c4?
-4a9
In base 2, what is 11 - 1101000100101101100101?
-1101000100101101100010
In base 8, what is 142 - -1611361?
1611523
In base 3, what is -1110212 - 1120010?
-10000222
In base 14, what is 685 - -4441?
4ac6
In base 7, what is 31 + -526253?
-526222
In base 16, what is 641cb9e - 1?
641cb9d
In base 16, what is 2a1d2 - -1afc?
2bcce
In base 11, what is -314 - 31907?
-32120
In base 3, what is 1211010 + -1022110200110?
-1022101212100
In base 2, what is 10011111111 + -1010010111100?
-111110111101
In b